{"id":46,"date":"2019-01-02T18:32:51","date_gmt":"2019-01-02T18:32:51","guid":{"rendered":"http:\/\/ferienwohnung-lammerberg.de\/?page_id=46"},"modified":"2024-10-12T11:34:48","modified_gmt":"2024-10-12T11:34:48","slug":"die-schlafzimmer","status":"publish","type":"page","link":"https:\/\/ferienwohnung-lammerberg.de\/?page_id=46","title":{"rendered":"Die Schlafzimmer"},"content":{"rendered":"\n<p>Unsere beiden Schlafzimmer verf\u00fcgen jeweils \u00fcber zwei Schlafgelegenheiten &#8211; einmal \u00fcber ein Doppelbett (180 x 200 cm), zum anderen \u00fcber zwei Einzelbetten (je 90 x 200 cm), die aber auch zusammengeschoben werden k\u00f6nnen, sowie ein Schlafsofa f\u00fcr eine Person.<\/p>\n\n\n\n<p>Selbstverst\u00e4ndlich sind die Betten bezogen, wenn Sie anreisen. F\u00fcr Ihre Kleidung steht gen\u00fcgend Platz in Kleiderschrank und Kommode oder Regal zur Verf\u00fcgung.<\/p>\n\n\n\n<p>F\u00fcr unsere kleinsten G\u00e4ste ist ein Kinderbett (60&#215;120 cm) sowie eine Wickelauflage vorhanden.<\/p>\n\n\n\n<div class=\"wp-block-image\"><figure class=\"aligncenter size-large\"><img loading=\"lazy\" decoding=\"async\" width=\"1024\" height=\"768\" src=\"http:\/\/ferienwohnung-lammerberg.de\/wp-content\/uploads\/2023\/06\/Schlafzimmer-1024x768.jpg\" alt=\"\" class=\"wp-image-209\" srcset=\"https:\/\/ferienwohnung-lammerberg.de\/wp-content\/uploads\/2023\/06\/Schlafzimmer-1024x768.jpg 1024w, https:\/\/ferienwohnung-lammerberg.de\/wp-content\/uploads\/2023\/06\/Schlafzimmer-300x225.jpg 300w, https:\/\/ferienwohnung-lammerberg.de\/wp-content\/uploads\/2023\/06\/Schlafzimmer-768x576.jpg 768w, https:\/\/ferienwohnung-lammerberg.de\/wp-content\/uploads\/2023\/06\/Schlafzimmer-1536x1152.jpg 1536w, https:\/\/ferienwohnung-lammerberg.de\/wp-content\/uploads\/2023\/06\/Schlafzimmer-2048x1536.jpg 2048w\" sizes=\"auto, (max-width: 706px) 89vw, (max-width: 767px) 82vw, 740px\" \/><figcaption>Schlafzimmer 1<\/figcaption><\/figure><\/div>\n\n\n\n<p>In Schlafzimmer 1 steht ein gem\u00fctliches Doppelbett. Von hier aus kommen Sie auf den sonnigen Balkon.<\/p>\n\n\n\n<div class=\"wp-block-image\"><figure class=\"aligncenter size-large\"><img loading=\"lazy\" decoding=\"async\" width=\"1024\" height=\"768\" src=\"http:\/\/ferienwohnung-lammerberg.de\/wp-content\/uploads\/2023\/06\/Zweites-Schlafzimmer-1024x768.jpg\" alt=\"\" class=\"wp-image-214\" srcset=\"https:\/\/ferienwohnung-lammerberg.de\/wp-content\/uploads\/2023\/06\/Zweites-Schlafzimmer-1024x768.jpg 1024w, https:\/\/ferienwohnung-lammerberg.de\/wp-content\/uploads\/2023\/06\/Zweites-Schlafzimmer-300x225.jpg 300w, https:\/\/ferienwohnung-lammerberg.de\/wp-content\/uploads\/2023\/06\/Zweites-Schlafzimmer-768x576.jpg 768w, https:\/\/ferienwohnung-lammerberg.de\/wp-content\/uploads\/2023\/06\/Zweites-Schlafzimmer-1536x1152.jpg 1536w, https:\/\/ferienwohnung-lammerberg.de\/wp-content\/uploads\/2023\/06\/Zweites-Schlafzimmer-2048x1536.jpg 2048w\" sizes=\"auto, (max-width: 706px) 89vw, (max-width: 767px) 82vw, 740px\" \/><figcaption>Schlafzimmer 2<\/figcaption><\/figure><\/div>\n\n\n\n<p>Schlafzimmer 2 mit zwei Einzelbetten, die zusammen geschoben werden k\u00f6nnen, so dass Ihnen auch hier ein Doppelbett zur Verf\u00fcgung steht.<\/p>\n\n\n\n<figure class=\"wp-block-image size-large\"><img loading=\"lazy\" decoding=\"async\" width=\"1024\" height=\"768\" src=\"http:\/\/ferienwohnung-lammerberg.de\/wp-content\/uploads\/2023\/06\/Zweites-Schlafzimmer-1-1024x768.jpg\" alt=\"\" class=\"wp-image-213\" srcset=\"https:\/\/ferienwohnung-lammerberg.de\/wp-content\/uploads\/2023\/06\/Zweites-Schlafzimmer-1-1024x768.jpg 1024w, https:\/\/ferienwohnung-lammerberg.de\/wp-content\/uploads\/2023\/06\/Zweites-Schlafzimmer-1-300x225.jpg 300w, https:\/\/ferienwohnung-lammerberg.de\/wp-content\/uploads\/2023\/06\/Zweites-Schlafzimmer-1-768x576.jpg 768w, https:\/\/ferienwohnung-lammerberg.de\/wp-content\/uploads\/2023\/06\/Zweites-Schlafzimmer-1-1536x1152.jpg 1536w, https:\/\/ferienwohnung-lammerberg.de\/wp-content\/uploads\/2023\/06\/Zweites-Schlafzimmer-1-2048x1536.jpg 2048w\" sizes=\"auto, (max-width: 706px) 89vw, (max-width: 767px) 82vw, 740px\" \/><\/figure>\n\n\n\n<p>Ein paar Spielsachen und B\u00fccher sollen den kleinen G\u00e4sten den Aufenthalt vers\u00fc\u00dfen.<\/p>\n","protected":false},"excerpt":{"rendered":"<p>Unsere beiden Schlafzimmer verf\u00fcgen jeweils \u00fcber zwei Schlafgelegenheiten &#8211; einmal \u00fcber ein Doppelbett (180 x 200 cm), zum anderen \u00fcber zwei Einzelbetten (je 90 x 200 cm), die aber auch zusammengeschoben werden k\u00f6nnen, sowie ein Schlafsofa f\u00fcr eine Person. Selbstverst\u00e4ndlich sind die Betten bezogen, wenn Sie anreisen. F\u00fcr Ihre Kleidung steht gen\u00fcgend Platz in Kleiderschrank &hellip; <\/p>\n<p class=\"link-more\"><a href=\"https:\/\/ferienwohnung-lammerberg.de\/?page_id=46\" class=\"more-link\"><span class=\"screen-reader-text\">\u201eDie Schlafzimmer\u201c<\/span> weiterlesen<\/a><\/p>\n","protected":false},"author":1,"featured_media":0,"parent":0,"menu_order":0,"comment_status":"closed","ping_status":"closed","template":"","meta":{"footnotes":""},"class_list":["post-46","page","type-page","status-publish","hentry"],"_links":{"self":[{"href":"https:\/\/ferienwohnung-lammerberg.de\/index.php?rest_route=\/wp\/v2\/pages\/46","targetHints":{"allow":["GET"]}}],"collection":[{"href":"https:\/\/ferienwohnung-lammerberg.de\/index.php?rest_route=\/wp\/v2\/pages"}],"about":[{"href":"https:\/\/ferienwohnung-lammerberg.de\/index.php?rest_route=\/wp\/v2\/types\/page"}],"author":[{"embeddable":true,"href":"https:\/\/ferienwohnung-lammerberg.de\/index.php?rest_route=\/wp\/v2\/users\/1"}],"replies":[{"embeddable":true,"href":"https:\/\/ferienwohnung-lammerberg.de\/index.php?rest_route=%2Fwp%2Fv2%2Fcomments&post=46"}],"version-history":[{"count":9,"href":"https:\/\/ferienwohnung-lammerberg.de\/index.php?rest_route=\/wp\/v2\/pages\/46\/revisions"}],"predecessor-version":[{"id":237,"href":"https:\/\/ferienwohnung-lammerberg.de\/index.php?rest_route=\/wp\/v2\/pages\/46\/revisions\/237"}],"wp:attachment":[{"href":"https:\/\/ferienwohnung-lammerberg.de\/index.php?rest_route=%2Fwp%2Fv2%2Fmedia&parent=46"}],"curies":[{"name":"wp","href":"https:\/\/api.w.org\/{rel}","templated":true}]}}