{"id":108,"date":"2019-01-02T18:50:51","date_gmt":"2019-01-02T18:50:51","guid":{"rendered":"http:\/\/ferienwohnung-lammerberg.de\/?page_id=108"},"modified":"2023-06-30T07:03:16","modified_gmt":"2023-06-30T07:03:16","slug":"der-balkon","status":"publish","type":"page","link":"https:\/\/ferienwohnung-lammerberg.de\/?page_id=108","title":{"rendered":"Der Balkon"},"content":{"rendered":"\n<p>Auf unserem sonnigen Balkon k\u00f6nnen Sie\nbereits morgens das Fr\u00fchst\u00fcck genie\u00dfen. Oder Sie legen nach einem anstrengenden\nWandertag die F\u00fc\u00dfe hoch &#8211; unsere Sonnenliegen machen es m\u00f6glich!<\/p>\n\n\n\n<div class=\"wp-block-image\"><figure class=\"alignleft size-large\"><img loading=\"lazy\" decoding=\"async\" width=\"768\" height=\"1024\" src=\"http:\/\/ferienwohnung-lammerberg.de\/wp-content\/uploads\/2023\/06\/Balkon-Tisch-1-768x1024.jpg\" alt=\"\" class=\"wp-image-197\" srcset=\"https:\/\/ferienwohnung-lammerberg.de\/wp-content\/uploads\/2023\/06\/Balkon-Tisch-1-768x1024.jpg 768w, https:\/\/ferienwohnung-lammerberg.de\/wp-content\/uploads\/2023\/06\/Balkon-Tisch-1-225x300.jpg 225w, https:\/\/ferienwohnung-lammerberg.de\/wp-content\/uploads\/2023\/06\/Balkon-Tisch-1-1152x1536.jpg 1152w, https:\/\/ferienwohnung-lammerberg.de\/wp-content\/uploads\/2023\/06\/Balkon-Tisch-1-1536x2048.jpg 1536w, https:\/\/ferienwohnung-lammerberg.de\/wp-content\/uploads\/2023\/06\/Balkon-Tisch-1-scaled.jpg 1920w\" sizes=\"auto, (max-width: 706px) 89vw, (max-width: 767px) 82vw, 740px\" \/><\/figure><\/div>\n\n\n\n<p><\/p>\n\n\n\n<figure class=\"wp-block-image size-large\"><img loading=\"lazy\" decoding=\"async\" width=\"768\" height=\"1024\" src=\"http:\/\/ferienwohnung-lammerberg.de\/wp-content\/uploads\/2023\/06\/Balkon-768x1024.jpg\" alt=\"\" class=\"wp-image-199\" srcset=\"https:\/\/ferienwohnung-lammerberg.de\/wp-content\/uploads\/2023\/06\/Balkon-768x1024.jpg 768w, https:\/\/ferienwohnung-lammerberg.de\/wp-content\/uploads\/2023\/06\/Balkon-225x300.jpg 225w, https:\/\/ferienwohnung-lammerberg.de\/wp-content\/uploads\/2023\/06\/Balkon-1152x1536.jpg 1152w, https:\/\/ferienwohnung-lammerberg.de\/wp-content\/uploads\/2023\/06\/Balkon-1536x2048.jpg 1536w, https:\/\/ferienwohnung-lammerberg.de\/wp-content\/uploads\/2023\/06\/Balkon-scaled.jpg 1920w\" sizes=\"auto, (max-width: 706px) 89vw, (max-width: 767px) 82vw, 740px\" \/><\/figure>\n","protected":false},"excerpt":{"rendered":"<p>Auf unserem sonnigen Balkon k\u00f6nnen Sie bereits morgens das Fr\u00fchst\u00fcck genie\u00dfen. Oder Sie legen nach einem anstrengenden Wandertag die F\u00fc\u00dfe hoch &#8211; unsere Sonnenliegen machen es m\u00f6glich!<\/p>\n","protected":false},"author":1,"featured_media":0,"parent":0,"menu_order":0,"comment_status":"closed","ping_status":"closed","template":"","meta":{"footnotes":""},"class_list":["post-108","page","type-page","status-publish","hentry"],"_links":{"self":[{"href":"https:\/\/ferienwohnung-lammerberg.de\/index.php?rest_route=\/wp\/v2\/pages\/108","targetHints":{"allow":["GET"]}}],"collection":[{"href":"https:\/\/ferienwohnung-lammerberg.de\/index.php?rest_route=\/wp\/v2\/pages"}],"about":[{"href":"https:\/\/ferienwohnung-lammerberg.de\/index.php?rest_route=\/wp\/v2\/types\/page"}],"author":[{"embeddable":true,"href":"https:\/\/ferienwohnung-lammerberg.de\/index.php?rest_route=\/wp\/v2\/users\/1"}],"replies":[{"embeddable":true,"href":"https:\/\/ferienwohnung-lammerberg.de\/index.php?rest_route=%2Fwp%2Fv2%2Fcomments&post=108"}],"version-history":[{"count":6,"href":"https:\/\/ferienwohnung-lammerberg.de\/index.php?rest_route=\/wp\/v2\/pages\/108\/revisions"}],"predecessor-version":[{"id":232,"href":"https:\/\/ferienwohnung-lammerberg.de\/index.php?rest_route=\/wp\/v2\/pages\/108\/revisions\/232"}],"wp:attachment":[{"href":"https:\/\/ferienwohnung-lammerberg.de\/index.php?rest_route=%2Fwp%2Fv2%2Fmedia&parent=108"}],"curies":[{"name":"wp","href":"https:\/\/api.w.org\/{rel}","templated":true}]}}

<p>Auf unserem sonnigen Balkon können Sie
bereits morgens das Frühstück genießen. Oder Sie legen nach einem anstrengenden
Wandertag die Füße hoch &#8211; unsere Sonnenliegen machen es möglich!</p>



<div class="wp-block-image"><figure class="alignleft size-large"><img loading="lazy" decoding="async" width="768" height="1024" src="http://ferienwohnung-lammerberg.de/wp-content/uploads/2023/06/Balkon-Tisch-1-768x1024.jpg" alt="" class="wp-image-197" srcset="https://ferienwohnung-lammerberg.de/wp-content/uploads/2023/06/Balkon-Tisch-1-768x1024.jpg 768w, https://ferienwohnung-lammerberg.de/wp-content/uploads/2023/06/Balkon-Tisch-1-225x300.jpg 225w, https://ferienwohnung-lammerberg.de/wp-content/uploads/2023/06/Balkon-Tisch-1-1152x1536.jpg 1152w, https://ferienwohnung-lammerberg.de/wp-content/uploads/2023/06/Balkon-Tisch-1-1536x2048.jpg 1536w, https://ferienwohnung-lammerberg.de/wp-content/uploads/2023/06/Balkon-Tisch-1-scaled.jpg 1920w" sizes="auto, (max-width: 706px) 89vw, (max-width: 767px) 82vw, 740px" /></figure></div>



<p></p>



<figure class="wp-block-image size-large"><img loading="lazy" decoding="async" width="768" height="1024" src="http://ferienwohnung-lammerberg.de/wp-content/uploads/2023/06/Balkon-768x1024.jpg" alt="" class="wp-image-199" srcset="https://ferienwohnung-lammerberg.de/wp-content/uploads/2023/06/Balkon-768x1024.jpg 768w, https://ferienwohnung-lammerberg.de/wp-content/uploads/2023/06/Balkon-225x300.jpg 225w, https://ferienwohnung-lammerberg.de/wp-content/uploads/2023/06/Balkon-1152x1536.jpg 1152w, https://ferienwohnung-lammerberg.de/wp-content/uploads/2023/06/Balkon-1536x2048.jpg 1536w, https://ferienwohnung-lammerberg.de/wp-content/uploads/2023/06/Balkon-scaled.jpg 1920w" sizes="auto, (max-width: 706px) 89vw, (max-width: 767px) 82vw, 740px" /></figure>

<p>Auf unserem sonnigen Balkon können Sie bereits morgens das Frühstück genießen. Oder Sie legen nach einem anstrengenden Wandertag die Füße hoch &#8211; unsere Sonnenliegen machen es möglich!</p>
